8. What is the greatest common divisor of j and m?
6
Let z(g) = 19*g - 11. Let n be z(11). Let j be (-4)/(-20) + n/10. Calculate the greatest common divisor of 30 and j.
10
Let b be 3/(-3 - 108/(-35)). What is the highest common divisor of 7 and b?
7
Let f(p) = -p**2 + 11*p + 2. Let x be f(7). Let y be (x/5)/((-3)/(-8)). What is the greatest common factor of 2 and y?
2
Let j be 46/12 - 2/(-12). Suppose 0*r + j*r = 28. Calculate the greatest common divisor of 21 and r.
7
Suppose 4*d - 34 = 2*d. Calculate the highest common divisor of d and 34.
17
Suppose 4*o - 120 + 18 = -c, -4*o + 4*c + 112 = 0. Calculate the highest common divisor of o and 286.
26
Let v(n) = n**2 + 6. Let y be v(0). Suppose 3*r - 12 - 17 = -4*h, 3*h - y = 0. Let j = -33 - -96. Calculate the highest common factor of r and j.
7
Let p(z) = -z**2 - 10*z - 4. Let i be p(-12). Let d = i - -42. Calculate the highest common divisor of 98 and d.
14
Suppose 5 = -p, 206 = -2*t + 2*p + 42. Let g = t + 54. Let c = -18 - g. What is the highest common factor of c and 5?
5
Let j(d) = 4*d**2 + 9*d - 9. Let q be j(-7). Let s(t) = -36 + 40 + q + t**3 - t. Let o be s(0). What is the highest common factor of 16 and o?
16
Suppose 9*t = t + 40. Suppose -2*g + 2*z - 14 = 0, -2*z = -g + 3*z - 27. Let a be 1 - (g - (t + -1)). Calculate the greatest common divisor of 35 and a.
7
Let q = -4 + -3. Let d(m) = -m**3 - 8*m**2 - 8*m + 9. Let c be d(q). What is the greatest common divisor of 2 and c?
2
Suppose 10*f - 18 = 7*f. What is the highest common divisor of f and 18?
6
Suppose -q - 3 - 13 = 5*m, 5*m = 3*q - 32. Calculate the greatest common factor of 4 and q.
4
Suppose -q + 5*y - 6 = -3*q, -q - 2*y = -4. Calculate the highest common divisor of 32 and q.
8
Let c be (-2)/1*(-20)/8. Let l = c + -3. Suppose 5*n + t = 225, -l*n - t + 2*t = -90. Calculate the highest common factor of n and 5.
5
Suppose -4*t + 4*d + 32 = 0, 6*t + 3*d = t + 80. Calculate the highest common divisor of 26 and t.
13
Let h(z) = 17*z + 4. Let p be h(-4). Let u = p - -158. Suppose 2*j = 3*t - u - 28, -2*t + 2*j + 78 = 0. What is the greatest common factor of t and 11?
11
Let b = -9 - -7. Let z be b + 7/(-2)*-12. Let j be (4/(-3))/((-4)/30). What is the greatest common divisor of z and j?
10
Suppose 3*b = -b - 4*t + 512, -3*b = -2*t - 384. What is the greatest common factor of 16 and b?
16
Suppose 11 = 5*z - 24. Suppose -v = 4 - 18. Calculate the greatest common factor of z and v.
7
Suppose -a + 8 = -6. Calculate the highest common divisor of a and 98.
14
Suppose 6*i + 6 = 7*i. Calculate the greatest common divisor of 15 and i.
3
Let z = 2 + 23. Calculate the greatest common divisor of z and 25.
25
Let y = -3 + 3. Suppose -g = 3*a + 2379, 4*g + y*g + 5*a + 9523 = 0. Let w be (-2)/8 + g/(-24). Calculate the highest common divisor of 9 and w.
9
Let f = 5 - -4. Let r = 21 - f. Calculate the greatest common factor of 12 and r.
12
Suppose 5*r + 13 = 153. Let t = 36 - r. Suppose 42 = 4*g + 10. Calculate the greatest common divisor of g and t.
8
Suppose -2*k - k = -12. Suppose n + k = 9. Suppose 3*s + 1 = 4, -p + 18 = 3*s. Calculate the greatest common divisor of p and n.
5
Suppose 4 = 2*z + 3*g, -2*g + 4*g = -4*z + 16. Let c(y) = 7*y - 4. Let v be c(2). What is the greatest common divisor of z and v?
5
Suppose -3*q + 3*g + 18 = 0, -4*q - 7 = 5*g + 5. Let i(r) = r**3 + r**2 - 3*r. Let v be i(-3). Let u = v - -19. Calculate the greatest common factor of u and q.
2
Let u(z) = z**2 - 3*z + 2. Let y be u(2). Suppose 0 = -y*c + 2*c - 8. Calculate the greatest common factor of 4 and c.
4
Suppose 7*z - 207 = -11. What is the greatest common divisor of z and 196?
28
Suppose 3*n = 16 + 5. Let v be (0/(-3))/(-4 + 2). Let m(l) = -l**3 + l**2 - l + 7. Let q be m(v). What is the greatest common factor of n and q?
7
Let n(h) = -15*h + 9. Let l be n(-5). Suppose 0*m - m = -l. Calculate the greatest common divisor of 28 and m.
28
Let p be -3 + 2 - (1 - 8). Let y be 12/(13/p + -2). Let v be (3/6)/(4/64). Calculate the highest common factor of v and y.
8
Let a = 31 + 4. Calculate the greatest common divisor of 175 and a.
35
Let n(r) = -6*r**3 + 2*r**3 - r + 5*r**3 + 5 + 7*r**2. Let i be n(-7). What is the greatest common factor of 84 and i?
12
Let c(u) = -u**3 + 11*u**2 + 15*u - 16. Let y be c(12). What is the highest common factor of y and 100?
20
Let n be (-65)/(-2)*30/25. Let h be (-3 - n/12)*-4. What is the highest common factor of 25 and h?
25
Let i = 4 + -2. Let f be (12/2)/(i/(-1)). Let a(n) = -n - 1. Let o be a(f). What is the highest common divisor of 2 and o?
2
Suppose 5*y - 28 = 192. Let r = 44 + 7. Suppose 5*t = -3*o + r, 0 = -2*t - 2*t - 4*o + y. Calculate the highest common divisor of t and 54.
9
Suppose -2*z - 2*w + 301 = -7*w, -283 = -2*z - w. Suppose -5*x + 13 + 52 = 0. What is the greatest common divisor of z and x?
13
Let z = -8 + 13. Let c be -3*z/((-15)/8). Suppose 5*m + 224 = 4*v, -4*m - 56 = -v - c*m. Calculate the greatest common divisor of 7 and v.
7
Let x = -39 + 65. Suppose 3*i + 0*i = 4*t - 52, -3*t + 5*i = -39. What is the highest common divisor of x and t?
13
Let j(u) = -u**2 + 4*u + 2. Let m be j(4). Suppose 0 = -2*l - 3*r + 2*r + 91, -m*l + 2*r + 82 = 0. What is the highest common factor of l and 110?
22
Suppose 5*k = 4*k + 35. Let z = -4 - -8. Suppose w - 3 = z. Calculate the greatest common factor of k and w.
7
Let u be (-1 - 1)*420/(-7). Let j = 3 + 2. Suppose 61 = j*s - 14. Calculate the greatest common divisor of s and u.
15
Let j(t) = -t**3 - 5*t**2 - 2*t - 5. Let f be j(-5). Let d be ((-4)/f)/(8/(-60)). Calculate the highest common factor of d and 3.
3
Let h be ((-2)/(-3))/(1/87). Suppose 2*r + 5*t - 73 = 0, 3*r + 96 = 6*r + 3*t. What is the greatest common factor of r and h?
29
Suppose -2*r + 18 = -r. Suppose -16 = -4*h + 2*z, 5*h + 2*z - r = 5*z. Calculate the highest common factor of 3 and h.
3
Suppose -c + 0 = -1. Suppose 4*g - 2*z = z - 8, -g = -3*z - 7. Let n(m) = -3*m - 7. Let o be n(g). Calculate the greatest common divisor of o and c.
1
Let y be 1 + 0 - (-1)/1. Suppose y*p + p = 3. Let s be p/(-4) - 141/(-4). What is the highest common divisor of 7 and s?
7
Let h = 24 - -5. Suppose -3*c - 4*m = 7 - h, 0 = -2*c - 2*m + 18. Calculate the highest common divisor of c and 70.
14
Let h be 1 - -2 - (1 + -1). Suppose d = -x + h + 13, -3*x + 8 = -5*d. What is the greatest common divisor of 11 and x?
11
Suppose 0 = 8*x - 4*x - 40. Calculate the greatest common divisor of x and 70.
10
Let f be (17 - 39)*(-39)/2. What is the highest common divisor of f and 39?
39
Let j be 24/156 + (-167)/(-13). What is the highest common factor of j and 13?
13
Suppose 0 = -5*a + 5*z - 5, -5*a + 3*z + 0*z = -1. Suppose t - a*t + 10 = 0. Calculate the highest common factor of t and 20.
10
Suppose 5 + 6 = b. Let a = -1 - -3. Let f be 2/(a/2 - -1). What is the highest common divisor of f and b?
1
Let u be -40 + 38 + (34 - 0 - 0). Calculate the greatest common divisor of 80 and u.
16
Suppose 13 = -3*p - 14. Let g = 5 - p. What is the highest common factor of g and 140?
14
Let x(z) = 5*z - 6. Suppose -2*u = 2*u - 24. Let k be x(u). Let i be (-2)/(k/135)*-4. Calculate the greatest common divisor of 18 and i.
9
Let g(s) = 3*s**2 + 3*s - 528. Let p(k) = k**2 + k - 176. Let n(b) = -4*g(b) + 11*p(b). Let f be n(0). Calculate the highest common divisor of f and 16.
16
Suppose 4*g + 4 + 4 = -4*c, 0 = -4*g - 16. Suppose c*i - 13 = 7. Suppose -30 = 5*u - 480. Calculate the highest common divisor of i and u.
10
Let r(h) = h + 1. Let p be r(6). What is the highest common divisor of 1 and p?
1
Let l be 1 + 2 + 2 + -2. Let n = l - -5. What is the greatest common factor of n and 1?
1
Suppose 143*m = 146*m - 315. Calculate the greatest common divisor of m and 30.
15
Suppose -2*d - 2 + 8 = 0. Suppose -5*b = 5*l - 39 - 146, -2*b = d*l - 107. Calculate the greatest common divisor of 11 and l.
11
Let t = 12 + -8. Suppose 0 = t*q + f - 10, -2*q + 5*f = 3*f - 10. Let u(x) = -2*x - 10. Let r be u(-8). Calculate the highest common divisor of r and q.
3
Suppose -1 + 16 = 2*a + 3*i, 57 = 5*a + i. Let v be (-18)/2*4/(-12). What is the greatest common divisor of v and a?
3
Suppose 5*z - 105 = -2*j + 2*z, 5*j - 220 = z. Suppose j = -2*a + 5*a. Calculate the highest co